{"id":232,"date":"2016-08-10T12:09:32","date_gmt":"2016-08-10T10:09:32","guid":{"rendered":"http:\/\/wordpress.cc-stiftung.de\/?page_id=232"},"modified":"2023-10-23T10:48:00","modified_gmt":"2023-10-23T08:48:00","slug":"step-school-teacher-exchange-program","status":"publish","type":"page","link":"https:\/\/www.cc-stiftung.de\/index.php\/step-school-teacher-exchange-program\/","title":{"rendered":"STEP"},"content":{"rendered":"<div>\n<p align=\"justify\">Das Lehrer*innenentsendeprogramm STEP (School Teachers Enrichment Program) wurde 1986 unter der \u00c4gide der damaligen Berliner Schulsenatorin Hanna-Renate Laurien ins Leben gerufen und per Gesch\u00e4ftsbesorgungsvertrag vom 27.3.1999 und Erg\u00e4nzung vom 16.09.02 zur Administration und Durchf\u00fchrung in die H\u00e4nde der Checkpoint Charlie Stiftung gelegt. STEP ist seit 1986 aus Mitteln der Senatsverwaltung f\u00fcr Bildung finanziert, wurde inhaltlich immer sehr flexibel an den Bed\u00fcrfnissen der Teilnehmer*innen ausgerichtet und auch stetig erweitert. Derzeit besteht STEP aus vier Bestandteilen:<\/p>\n<\/div>\n<table style=\"height: 128px;\" border=\"0\" width=\"895\" cellspacing=\"0\" cellpadding=\"0\">\n<tbody>\n<tr>\n<td align=\"left\" valign=\"top\"><img loading=\"lazy\" decoding=\"async\" class=\"wp-image-1403 alignleft\" src=\"http:\/\/wordpress.cc-stiftung.de\/wp-content\/uploads\/2016\/08\/100_0484_00-300x225.jpg\" alt=\"100_0484_00\" width=\"253\" height=\"190\" srcset=\"https:\/\/www.cc-stiftung.de\/wordpress\/wp-content\/uploads\/2016\/08\/100_0484_00-300x225.jpg 300w, https:\/\/www.cc-stiftung.de\/wordpress\/wp-content\/uploads\/2016\/08\/100_0484_00-768x576.jpg 768w, https:\/\/www.cc-stiftung.de\/wordpress\/wp-content\/uploads\/2016\/08\/100_0484_00-1024x768.jpg 1024w\" sizes=\"auto, (max-width: 253px) 100vw, 253px\" \/><\/p>\n<p class=\"textrechts\"><strong>seit 1986: <a href=\"https:\/\/www.cc-stiftung.de\/index.php\/gtep\/\">Lehrkr\u00e4fte-Entsendeprogramm mit den USA<\/a><br \/>\n<\/strong><\/p>\n<p class=\"textrechts\">Entsendung von deutschen Lehrer*innen aller Bundesl\u00e4nder (verschiedene F\u00e4cher) f\u00fcr die Dauer von 1 \u2013 3 Jahren als Lehrkraft in US-Partnerstaaten.<\/p>\n<\/td>\n<\/tr>\n<\/tbody>\n<\/table>\n<div>\n<table style=\"height: 128px;\" border=\"0\" width=\"895\" cellspacing=\"0\" cellpadding=\"0\">\n<tbody>\n<tr>\n<td align=\"left\" valign=\"top\"><a href=\"https:\/\/www.cc-stiftung.de\/wordpress\/wp-content\/uploads\/2019\/11\/IMG_1973_1.jpg\"><img loading=\"lazy\" decoding=\"async\" class=\"alignleft wp-image-3942\" src=\"https:\/\/www.cc-stiftung.de\/wordpress\/wp-content\/uploads\/2019\/11\/IMG_1973_1-589x1024.jpg\" alt=\"\" width=\"260\" height=\"452\" srcset=\"https:\/\/www.cc-stiftung.de\/wordpress\/wp-content\/uploads\/2019\/11\/IMG_1973_1-589x1024.jpg 589w, https:\/\/www.cc-stiftung.de\/wordpress\/wp-content\/uploads\/2019\/11\/IMG_1973_1-173x300.jpg 173w, https:\/\/www.cc-stiftung.de\/wordpress\/wp-content\/uploads\/2019\/11\/IMG_1973_1-768x1335.jpg 768w, https:\/\/www.cc-stiftung.de\/wordpress\/wp-content\/uploads\/2019\/11\/IMG_1973_1.jpg 1949w\" sizes=\"auto, (max-width: 260px) 100vw, 260px\" \/><\/a><strong>\u00a0seit 1987: <a href=\"https:\/\/www.cc-stiftung.de\/index.php\/educational-enrichment-program-eep\/\">Educational Enrichment Program<\/a> (EEP)<\/strong><\/p>\n<div>Zweiw\u00f6chige Fortbildung f\u00fcr Lehrkr\u00e4fte, Schuldirektor*innen, Schulr\u00e4te und schulpolitische Multiplikator*innen unserer US-Partner in Berlin.<\/div>\n<\/td>\n<\/tr>\n<\/tbody>\n<\/table>\n<table style=\"height: 128px;\" border=\"0\" width=\"895\" cellspacing=\"0\" cellpadding=\"0\">\n<tbody>\n<tr>\n<td align=\"left\" valign=\"top\"><img loading=\"lazy\" decoding=\"async\" class=\"wp-image-1402 alignleft\" src=\"http:\/\/wordpress.cc-stiftung.de\/wp-content\/uploads\/2016\/08\/DSC00405-300x199.jpg\" alt=\"DSC00405\" width=\"271\" height=\"180\" srcset=\"https:\/\/www.cc-stiftung.de\/wordpress\/wp-content\/uploads\/2016\/08\/DSC00405-300x199.jpg 300w, https:\/\/www.cc-stiftung.de\/wordpress\/wp-content\/uploads\/2016\/08\/DSC00405-768x510.jpg 768w, https:\/\/www.cc-stiftung.de\/wordpress\/wp-content\/uploads\/2016\/08\/DSC00405-1024x680.jpg 1024w, https:\/\/www.cc-stiftung.de\/wordpress\/wp-content\/uploads\/2016\/08\/DSC00405-400x267.jpg 400w\" sizes=\"auto, (max-width: 271px) 100vw, 271px\" \/><\/p>\n<p><strong>Seit 2002: <a href=\"https:\/\/www.cc-stiftung.de\/index.php\/experience-america-2\/\">Experience America<\/a><\/strong><\/p>\n<div>USA-Fortbildungsreise f\u00fcr Englisch-Lehrkr\u00e4fte (Sek. I und II) des Landes Berlin (in den Herbstferien).<\/div>\n<div><\/div>\n<\/td>\n<\/tr>\n<\/tbody>\n<\/table>\n<\/div>\n<div class=\"myCatDescription\">\n<table style=\"height: 128px;\" border=\"0\" width=\"895\" cellspacing=\"0\" cellpadding=\"0\">\n<tbody>\n<tr>\n<td align=\"left\" valign=\"top\">\n<p class=\"textrechts\"><strong><img loading=\"lazy\" decoding=\"async\" class=\"alignleft wp-image-5506\" src=\"https:\/\/www.cc-stiftung.de\/wordpress\/wp-content\/uploads\/2023\/09\/pexels-alteredsnaps-11599618-1024x684.jpg\" alt=\"\" width=\"270\" height=\"180\" srcset=\"https:\/\/www.cc-stiftung.de\/wordpress\/wp-content\/uploads\/2023\/09\/pexels-alteredsnaps-11599618-1024x684.jpg 1024w, https:\/\/www.cc-stiftung.de\/wordpress\/wp-content\/uploads\/2023\/09\/pexels-alteredsnaps-11599618-300x200.jpg 300w, https:\/\/www.cc-stiftung.de\/wordpress\/wp-content\/uploads\/2023\/09\/pexels-alteredsnaps-11599618-768x513.jpg 768w, https:\/\/www.cc-stiftung.de\/wordpress\/wp-content\/uploads\/2023\/09\/pexels-alteredsnaps-11599618-1536x1025.jpg 1536w, https:\/\/www.cc-stiftung.de\/wordpress\/wp-content\/uploads\/2023\/09\/pexels-alteredsnaps-11599618-2048x1367.jpg 2048w, https:\/\/www.cc-stiftung.de\/wordpress\/wp-content\/uploads\/2023\/09\/pexels-alteredsnaps-11599618-400x267.jpg 400w\" sizes=\"auto, (max-width: 270px) 100vw, 270px\" \/>seit 2012: <a href=\"https:\/\/www.cc-stiftung.de\/index.php\/berlin-minnesota-teacher-training-exchange\/\">Berlin-Georgia Teacher Academy (BGATA)<\/a><\/strong><\/p>\n<p>In Kooperation mit <em>Minnesota Public Schools<\/em> vermittelt STEP jeweils in den Herbstferien bis zu 9 Berliner Grundschullehrkr\u00e4fte im Bereich Fr\u00fcherziehung Englisch in den US-Partnerstaat Georgia. Im Gegenzug besuchen amerikanische Lehrkr\u00e4fte aus Georgia die teilnehmenden Berliner Grundschulen zu Hospitationszwecken im Juni\/Juli des darauffolgenden Jahres.<\/td>\n<\/tr>\n<\/tbody>\n<\/table>\n<p><strong>F\u00fcr weitere Informationen kontaktieren Sie uns:<\/strong> <a href=\"&#x6d;&#97;&#105;l&#x74;&#x6f;&#58;s&#x74;&#x65;&#112;&#64;c&#x63;&#45;&#115;t&#x69;&#x66;&#116;u&#x6e;&#x67;&#46;&#100;e\">via Mail<\/a><\/p>\n<table style=\"height: 305px;\" border=\"0\" width=\"898\" cellspacing=\"0\" cellpadding=\"0\">\n<tbody>\n<tr>\n<td align=\"left\" valign=\"top\" width=\"880\">\n<div>\n<p><strong>Links<\/strong><\/p>\n<\/div>\n<div>\n<ul>\n<li><a href=\"http:\/\/www.amity.org\/\" target=\"_blank\" rel=\"noopener\">Amity Institute<\/a>: Unser Partner f\u00fcr das J1-Visum in den USA.<\/li>\n<\/ul>\n<ul>\n<li><a href=\"https:\/\/esta.cbp.dhs.gov\" target=\"_blank\" rel=\"noopener\">ESTA:<\/a> Online Anmeldung f\u00fcr kurzzeitige Besuchsreisen in den USA.<\/li>\n<\/ul>\n<ul>\n<li><a href=\"https:\/\/de.usembassy.gov\/de\/\" target=\"_blank\" rel=\"noopener\">Botschaft der Vereinigten Staaten<\/a>: Die amerikanische Botschaft in Berlin.<\/li>\n<\/ul>\n<\/div>\n<\/td>\n<td valign=\"top\"><\/td>\n<\/tr>\n<\/tbody>\n<\/table>\n<\/div>\n","protected":false},"excerpt":{"rendered":"<p>Das Lehrer*innenentsendeprogramm STEP (School Teachers Enrichment Program) wurde 1986 unter der \u00c4gide der damaligen Berliner Schulsenatorin Hanna-Renate Laurien ins Leben gerufen und per Gesch\u00e4ftsbesorgungsvertrag vom 27.3.1999 und Erg\u00e4nzung vom 16.09.02 <a class=\"more-link\" href=\"https:\/\/www.cc-stiftung.de\/index.php\/step-school-teacher-exchange-program\/\">Weiterlesen \u2192<\/a><\/p>\n","protected":false},"author":2,"featured_media":0,"parent":0,"menu_order":0,"comment_status":"closed","ping_status":"closed","template":"","meta":{"footnotes":""},"class_list":["post-232","page","type-page","status-publish","hentry"],"_links":{"self":[{"href":"https:\/\/www.cc-stiftung.de\/index.php\/wp-json\/wp\/v2\/pages\/232","targetHints":{"allow":["GET"]}}],"collection":[{"href":"https:\/\/www.cc-stiftung.de\/index.php\/wp-json\/wp\/v2\/pages"}],"about":[{"href":"https:\/\/www.cc-stiftung.de\/index.php\/wp-json\/wp\/v2\/types\/page"}],"author":[{"embeddable":true,"href":"https:\/\/www.cc-stiftung.de\/index.php\/wp-json\/wp\/v2\/users\/2"}],"replies":[{"embeddable":true,"href":"https:\/\/www.cc-stiftung.de\/index.php\/wp-json\/wp\/v2\/comments?post=232"}],"version-history":[{"count":52,"href":"https:\/\/www.cc-stiftung.de\/index.php\/wp-json\/wp\/v2\/pages\/232\/revisions"}],"predecessor-version":[{"id":4452,"href":"https:\/\/www.cc-stiftung.de\/index.php\/wp-json\/wp\/v2\/pages\/232\/revisions\/4452"}],"wp:attachment":[{"href":"https:\/\/www.cc-stiftung.de\/index.php\/wp-json\/wp\/v2\/media?parent=232"}],"curies":[{"name":"wp","href":"https:\/\/api.w.org\/{rel}","templated":true}]}}