{"id":2346,"date":"2017-05-22T11:37:39","date_gmt":"2017-05-22T09:37:39","guid":{"rendered":"http:\/\/www.cc-stiftung.de\/?page_id=2346"},"modified":"2022-02-09T11:03:46","modified_gmt":"2022-02-09T10:03:46","slug":"berlin-los-angeles-partnerstaedte-seit-1967","status":"publish","type":"page","link":"https:\/\/www.cc-stiftung.de\/index.php\/berlin-los-angeles-partnerstaedte-seit-1967\/","title":{"rendered":"Berlin &#8211; Los Angeles: Partnerst\u00e4dte seit 1967"},"content":{"rendered":"<p><strong><u>St\u00e4dtepartnerschaft Berlin Los Angeles<\/u><\/strong><\/p>\n<p><strong>Seit dem 27. Juni 1967 sind Berlin und Los Angeles Partnerst\u00e4dte. Die Checkpoint Charlie Stiftung ist im Rahmen dieser f\u00fcr die Realisierung von nicht-staatlichen Programmen zwischen den beiden St\u00e4dten zust\u00e4ndig. Im Jubil\u00e4umsjahr 2017 organisierten wir die folgenden Programme:<\/strong><\/p>\n<p>&nbsp;<\/p>\n<p><img loading=\"lazy\" decoding=\"async\" class=\"wp-image-2350 alignleft\" src=\"https:\/\/www.cc-stiftung.de\/wordpress\/wp-content\/uploads\/2017\/05\/20141104_130025-1024x768.jpg\" alt=\"20141104_130025\" width=\"379\" height=\"284\" srcset=\"https:\/\/www.cc-stiftung.de\/wordpress\/wp-content\/uploads\/2017\/05\/20141104_130025-1024x768.jpg 1024w, https:\/\/www.cc-stiftung.de\/wordpress\/wp-content\/uploads\/2017\/05\/20141104_130025-300x225.jpg 300w, https:\/\/www.cc-stiftung.de\/wordpress\/wp-content\/uploads\/2017\/05\/20141104_130025-768x576.jpg 768w, https:\/\/www.cc-stiftung.de\/wordpress\/wp-content\/uploads\/2017\/05\/20141104_130025.jpg 1600w\" sizes=\"auto, (max-width: 379px) 100vw, 379px\" \/><strong>Restaurierung des Berlin Forest <\/strong><\/p>\n<p>Im Oktober reiste eine Gruppe von 8 Berliner Berufssch\u00fcler*innen aus dem Bereich Umwelt\/Gartenbau f\u00fcr zwei Wochen nach Los Angeles. Begleitet durch eine Lehrkraft und einen Ausbilder und in Zusammenarbeit mit LA Jugendlichen, dem LATTC und dem L.A. Department of Parks and Recreation, restaurierten sie in sieben Tagen neben dem Berlin Forest, einer kleinen der St\u00e4dtepartnerschaft gewidmeten Gr\u00fcnanlage, auch den Griffith Park. Dies umfasste u.a. die Neubepflanzungen, die Pflege bestehender Pflanzungen und die Reparatur der Besucherinfrastruktur (Gehwege, B\u00e4nke, Schilder, usw.). Die Berliner*innen wurden dank der gro\u00dfz\u00fcgigen Hilfe der Sister Cities of L.A. bei Gastfamilien untergebracht, mit denen sie ihre Freizeit verbrachten und dadurch den amerikanischen Alltag kennenlernen konnten. In der zweiten Woche fanden vor allem bildungsbezogene Veranstaltungen und interkulturelle Ausfl\u00fcge statt. Das deutsche Generalkonsulat Los Angeles unterst\u00fctzte den Besuch mit einem Empfang.<\/p>\n<p>&nbsp;<\/p>\n<div id=\"attachment_2351\" style=\"width: 257px\" class=\"wp-caption alignright\"><img loading=\"lazy\" decoding=\"async\" aria-describedby=\"caption-attachment-2351\" class=\"wp-image-2351\" src=\"https:\/\/www.cc-stiftung.de\/wordpress\/wp-content\/uploads\/2017\/05\/tolerance2015.png\" alt=\"tolerance2015\" width=\"247\" height=\"330\" srcset=\"https:\/\/www.cc-stiftung.de\/wordpress\/wp-content\/uploads\/2017\/05\/tolerance2015.png 599w, https:\/\/www.cc-stiftung.de\/wordpress\/wp-content\/uploads\/2017\/05\/tolerance2015-225x300.png 225w\" sizes=\"auto, (max-width: 247px) 100vw, 247px\" \/><p id=\"caption-attachment-2351\" class=\"wp-caption-text\">Teilnehmer am Berlin Summer Program 2015 besuchten eine Berliner Synagoge<\/p><\/div>\n<p><strong>Diversity and Tolerance in Berlin<\/strong><\/p>\n<p>Das <em>Berlin Summer Programm <\/em>steht im Zusammenhang der St\u00e4dtepartnerschaft Berlin-L.A.. Es handelt sich um ein stiftungseigenes Fortbildungsprogramm f\u00fcr jeweils 6 amerikanische Lehrerkr\u00e4fte aus dem Gro\u00dfraum LA und wird in Kooperation mit dem <em>Museum of Tolerance <\/em>organisiert. In vielen US-Bundesstaaten sind der Nationalsozialismus und der V\u00f6lkermord an den Juden Europas wesentlicher Bestandteil des Geschichtsunterrichtes. Da aber wenige US-Lehrkr\u00e4fte Zugang zu der deutschen Geschichtsforschung haben, wurde das Berlin Summer Programm gegr\u00fcndet. Die Lehrer*innen bekommen nicht nur einen Einblick in die Vergangenheit, sondern auch in die Gegenwart Berlins und das heutige j\u00fcdische Leben in der Stadt. Der Fokus liegt seit 2015 jedoch auf dem Thema Toleranz.<\/p>\n<p>&nbsp;<\/p>\n<p>Die Checkpoint Charlie Stiftung hat seit ihrem Bestehen die folgenden Projekte mit L.A. organisiert bzw. finanziell unterst\u00fctzt:<\/p>\n<p>2019 \u00a0 Diversity and Tolerance in Berlin<\/p>\n<p>2018\u00a0\u00a0 Diversity and Tolerance in Berlin<\/p>\n<p>2017 \u00a0\u00a0 Diversity and Tolerance in Berlin<\/p>\n<p>2016 \u00a0\u00a0 Diversity and Tolerance in Berlin<\/p>\n<p>2015\u00a0\u00a0\u00a0 K\u00fcnstlerreise LoBros nach L.A.<\/p>\n<p>2015\u00a0\u00a0\u00a0 Diversity and Tolerance in Berlin<\/p>\n<div id=\"attachment_2349\" style=\"width: 362px\" class=\"wp-caption alignright\"><img loading=\"lazy\" decoding=\"async\" aria-describedby=\"caption-attachment-2349\" class=\"wp-image-2349\" src=\"https:\/\/www.cc-stiftung.de\/wordpress\/wp-content\/uploads\/2017\/05\/19Fashion_Show_pix3.jpg\" alt=\"19Fashion_Show_pix3\" width=\"352\" height=\"235\" srcset=\"https:\/\/www.cc-stiftung.de\/wordpress\/wp-content\/uploads\/2017\/05\/19Fashion_Show_pix3.jpg 600w, https:\/\/www.cc-stiftung.de\/wordpress\/wp-content\/uploads\/2017\/05\/19Fashion_Show_pix3-300x201.jpg 300w, https:\/\/www.cc-stiftung.de\/wordpress\/wp-content\/uploads\/2017\/05\/19Fashion_Show_pix3-400x267.jpg 400w\" sizes=\"auto, (max-width: 352px) 100vw, 352px\" \/><p id=\"caption-attachment-2349\" class=\"wp-caption-text\">Berlin Fashion Show in Los Angeles<\/p><\/div>\n<p>2014\u00a0\u00a0\u00a0 Next Generation nach L.A. (Feuerwehr)<\/p>\n<p>2011\u00a0\u00a0\u00a0 Berlin Fashion Design goes to L.A.<\/p>\n<p>2011\u00a0\u00a0\u00a0 Fortbildungsreise zum Firedepartment L.A.<\/p>\n<p>2006\u00a0\u00a0\u00a0 Gastspiel \u201cSonne, Sterne, Mond &amp; Co\u201d in L.A.<\/p>\n<p>2003\u00a0\u00a0\u00a0 Familienportraits Berlin \u2013 L.A. &#8211; Moskau<\/p>\n<p>2003\u00a0\u00a0\u00a0 Entertaining Cities: Berlin \u2013 L.A. Compared<\/p>\n<p>2001 \u00a0\u00a0 Besuch von Bew\u00e4hrungshelfern aus L.A.<\/p>\n<p>2000\u00a0\u00a0\u00a0 Berlinbesuch von Vertretern der Partnerstadt L.A.<\/p>\n<p>2000\u00a0\u00a0\u00a0 Studienreise von Bew\u00e4hrungshelfern nach L.A<\/p>\n<p>1999\u00a0\u00a0\u00a0 Besuch von Bew\u00e4hrungshelfer aus L.A.<\/p>\n<div id=\"attachment_2348\" style=\"width: 285px\" class=\"wp-caption alignright\"><img loading=\"lazy\" decoding=\"async\" aria-describedby=\"caption-attachment-2348\" class=\"wp-image-2348\" src=\"https:\/\/www.cc-stiftung.de\/wordpress\/wp-content\/uploads\/2017\/05\/3.bmp\" alt=\"3\" width=\"275\" height=\"366\" srcset=\"https:\/\/www.cc-stiftung.de\/wordpress\/wp-content\/uploads\/2017\/05\/3.bmp 300w, https:\/\/www.cc-stiftung.de\/wordpress\/wp-content\/uploads\/2017\/05\/3-225x300.bmp 225w\" sizes=\"auto, (max-width: 275px) 100vw, 275px\" \/><p id=\"caption-attachment-2348\" class=\"wp-caption-text\">Ausstellung &#8222;Familienportraits Berlin-Los Angeles-Moskau&#8220; in den Potsdamer Platz Arkaden<\/p><\/div>\n<p>1999 \u00a0\u00a0 Projekt St\u00e4dtepartnerschaft Berlin \u2013 L.A.<\/p>\n<p>1998 \u00a0\u00a0 Besuch von Bew\u00e4hrungshelfer aus L.A.<\/p>\n<p>1998\u00a0\u00a0\u00a0 Studienreise von Bew\u00e4hrungshelfer nach L.A.<\/p>\n<p>1997 \u00a0\u00a0 Dinner Dance Los Angeles<\/p>\n<p>1997\u00a0\u00a0\u00a0 Studienreise von 15 Bew\u00e4hrungshelfern nach L.A.<\/p>\n<p>1996 \u00a0\u00a0 Brosch\u00fcre St\u00e4dtepartnerschaft Berlin-L.A.<\/p>\n<p>1996\u00a0\u00a0\u00a0 Kunstreise von Studierenden nach L.A.<\/p>\n<p>1996\u00a0\u00a0\u00a0 Jugendkulturaustausch L.A.-Berlin<\/p>\n<p>1995 \u00a0\u00a0 Projekt Fassadenmalerei in Berlin und L.A.<\/p>\n<p>&nbsp;<\/p>\n","protected":false},"excerpt":{"rendered":"<p>St\u00e4dtepartnerschaft Berlin Los Angeles Seit dem 27. Juni 1967 sind Berlin und Los Angeles Partnerst\u00e4dte. Die Checkpoint Charlie Stiftung ist im Rahmen dieser f\u00fcr die Realisierung von nicht-staatlichen Programmen zwischen <a class=\"more-link\" href=\"https:\/\/www.cc-stiftung.de\/index.php\/berlin-los-angeles-partnerstaedte-seit-1967\/\">Weiterlesen \u2192<\/a><\/p>\n","protected":false},"author":1,"featured_media":0,"parent":0,"menu_order":0,"comment_status":"closed","ping_status":"closed","template":"","meta":{"footnotes":""},"class_list":["post-2346","page","type-page","status-publish","hentry"],"_links":{"self":[{"href":"https:\/\/www.cc-stiftung.de\/index.php\/wp-json\/wp\/v2\/pages\/2346","targetHints":{"allow":["GET"]}}],"collection":[{"href":"https:\/\/www.cc-stiftung.de\/index.php\/wp-json\/wp\/v2\/pages"}],"about":[{"href":"https:\/\/www.cc-stiftung.de\/index.php\/wp-json\/wp\/v2\/types\/page"}],"author":[{"embeddable":true,"href":"https:\/\/www.cc-stiftung.de\/index.php\/wp-json\/wp\/v2\/users\/1"}],"replies":[{"embeddable":true,"href":"https:\/\/www.cc-stiftung.de\/index.php\/wp-json\/wp\/v2\/comments?post=2346"}],"version-history":[{"count":10,"href":"https:\/\/www.cc-stiftung.de\/index.php\/wp-json\/wp\/v2\/pages\/2346\/revisions"}],"predecessor-version":[{"id":4850,"href":"https:\/\/www.cc-stiftung.de\/index.php\/wp-json\/wp\/v2\/pages\/2346\/revisions\/4850"}],"wp:attachment":[{"href":"https:\/\/www.cc-stiftung.de\/index.php\/wp-json\/wp\/v2\/media?parent=2346"}],"curies":[{"name":"wp","href":"https:\/\/api.w.org\/{rel}","templated":true}]}}