{"id":343,"date":"2016-08-16T15:27:51","date_gmt":"2016-08-16T13:27:51","guid":{"rendered":"http:\/\/wordpress.cc-stiftung.de\/?page_id=343"},"modified":"2016-08-16T15:28:52","modified_gmt":"2016-08-16T13:28:52","slug":"geschaeftsordnung-der-geschaeftsfuehrung","status":"publish","type":"page","link":"https:\/\/www.cc-stiftung.de\/index.php\/geschaeftsordnung-der-geschaeftsfuehrung\/","title":{"rendered":"Gesch\u00e4ftsordnung der Gesch\u00e4ftsf\u00fchrung"},"content":{"rendered":"<div class=\"myCatDescription\">\n<table border=\"0\" width=\"100%\" cellspacing=\"0\" cellpadding=\"0\">\n<tbody>\n<tr>\n<td align=\"left\" valign=\"top\">\n<p align=\"justify\">Auszug aus der <em>Gesch\u00e4ftsordnung f\u00fcr Vorstand und Gesch\u00e4ftsf\u00fchrung<\/em>:<\/p>\n<p align=\"justify\"><strong>F. Der Gesch\u00e4ftsf\u00fchrer<\/strong><\/p>\n<p align=\"justify\">1. Der Gesch\u00e4ftsf\u00fchrer f\u00fchrt die laufenden Gesch\u00e4fte der Stiftung unter Beachtung der Satzung und dieser Gesch\u00e4ftsordnung. Er ist dem Vorstand verantwortlich und an seine Weisungen gebunden.<\/p>\n<p align=\"justify\">2. Der Gesch\u00e4ftsf\u00fchrer nimmt an den Vorstandssitzungen mit beratender Stimme teil.<\/p>\n<p align=\"justify\">3. Alle Antr\u00e4ge auf F\u00f6rderung von Projekten gem\u00e4\u00df B. 5) dieser Gesch\u00e4ftsordnung werden beim Gesch\u00e4ftsf\u00fchrer gesammelt und bei der n\u00e4chstm\u00f6glichen Vorstandssitzung vorgelegt.<\/p>\n<\/td>\n<\/tr>\n<\/tbody>\n<\/table>\n<\/div>\n","protected":false},"excerpt":{"rendered":"<p>Auszug aus der Gesch\u00e4ftsordnung f\u00fcr Vorstand und Gesch\u00e4ftsf\u00fchrung: F. Der Gesch\u00e4ftsf\u00fchrer 1. Der Gesch\u00e4ftsf\u00fchrer f\u00fchrt die laufenden Gesch\u00e4fte der Stiftung unter Beachtung der Satzung und dieser Gesch\u00e4ftsordnung. Er ist dem <a class=\"more-link\" href=\"https:\/\/www.cc-stiftung.de\/index.php\/geschaeftsordnung-der-geschaeftsfuehrung\/\">Weiterlesen \u2192<\/a><\/p>\n","protected":false},"author":2,"featured_media":0,"parent":0,"menu_order":0,"comment_status":"closed","ping_status":"closed","template":"","meta":{"footnotes":""},"class_list":["post-343","page","type-page","status-publish","hentry"],"_links":{"self":[{"href":"https:\/\/www.cc-stiftung.de\/index.php\/wp-json\/wp\/v2\/pages\/343","targetHints":{"allow":["GET"]}}],"collection":[{"href":"https:\/\/www.cc-stiftung.de\/index.php\/wp-json\/wp\/v2\/pages"}],"about":[{"href":"https:\/\/www.cc-stiftung.de\/index.php\/wp-json\/wp\/v2\/types\/page"}],"author":[{"embeddable":true,"href":"https:\/\/www.cc-stiftung.de\/index.php\/wp-json\/wp\/v2\/users\/2"}],"replies":[{"embeddable":true,"href":"https:\/\/www.cc-stiftung.de\/index.php\/wp-json\/wp\/v2\/comments?post=343"}],"version-history":[{"count":1,"href":"https:\/\/www.cc-stiftung.de\/index.php\/wp-json\/wp\/v2\/pages\/343\/revisions"}],"predecessor-version":[{"id":344,"href":"https:\/\/www.cc-stiftung.de\/index.php\/wp-json\/wp\/v2\/pages\/343\/revisions\/344"}],"wp:attachment":[{"href":"https:\/\/www.cc-stiftung.de\/index.php\/wp-json\/wp\/v2\/media?parent=343"}],"curies":[{"name":"wp","href":"https:\/\/api.w.org\/{rel}","templated":true}]}}