{"id":345,"date":"2016-08-16T15:24:30","date_gmt":"2016-08-16T13:24:30","guid":{"rendered":"http:\/\/wordpress.cc-stiftung.de\/?page_id=345"},"modified":"2024-01-16T12:13:39","modified_gmt":"2024-01-16T11:13:39","slug":"projektantrag","status":"publish","type":"page","link":"https:\/\/www.cc-stiftung.de\/index.php\/projektantrag\/","title":{"rendered":"Projektf\u00f6rderung"},"content":{"rendered":"<div class=\"myCatDescription\">\n<p align=\"justify\">Bilaterale Begegnungs-Projekte zwischen dem Land Berlin und den Vereinigten Staaten von Amerika k\u00f6nnen durch die Checkpoint Charlie Stiftung finanziell, ideell und\/oder logistisch gef\u00f6rdert werden. Die Stiftung nimmt dazu ganzj\u00e4hrig Projekt- antr\u00e4ge entgegen, sofern diese dem <a href=\"https:\/\/www.cc-stiftung.de\/index.php?option=com_content&amp;view=category&amp;layout=blog&amp;id=47&amp;Itemid=47\">Stiftungszweck<\/a>, den <a href=\"https:\/\/www.cc-stiftung.de\/index.php?option=com_content&amp;view=category&amp;layout=blog&amp;id=74&amp;Itemid=73\">F\u00f6rderungsrichtlinien<\/a> und den <a href=\"https:\/\/www.cc-stiftung.de\/index.php?option=com_content&amp;view=category&amp;layout=blog&amp;id=75&amp;Itemid=74\">Antragsmodalit\u00e4ten<\/a> entsprechen. \u00dcber eine F\u00f6rderung entscheidet der Vorstand der Stiftung, ein rechtlicher Anspruch besteht nicht. Der Vorstand trifft sich in der Regel einmal im Quartal; Antr\u00e4ge m\u00fcssen mindestens zwei Wochen vor einer Vorstandssitzung eingereicht werden, um in der jeweiligen Sitzung beraten zu werden. Der Termin f\u00fcr die n\u00e4chste Vorstandsitzung entnehmen Sie bitte unserem <a href=\"https:\/\/www.cc-stiftung.de\/index.php\/deadline-projektantraege-2021\/\">Terminkalender<\/a>.<\/p>\n<p align=\"justify\">Bei Austauschprojekten ber\u00fccksichtigt die Checkpoint Charlie Stiftung die <a href=\"https:\/\/www.cc-stiftung.de\/index.php?option=com_content&amp;view=category&amp;layout=blog&amp;id=48&amp;Itemid=48\">Grunds\u00e4tze<\/a> gem\u00e4\u00df des Vorstandsbeschlusses vom 01.10.2008.<\/p>\n<p align=\"justify\"><strong>Antragsformular zum Herunterladen<\/strong><\/p>\n<p align=\"justify\">Bitte beachten Sie, dass nur komplett ausgef\u00fcllte Antragsformular bearbeitet werden. Dies beinhaltet auch, dass dem <strong>Antragsformular<\/strong> eine detaillierte Projektbeschreibung, eine <strong>detaillierte Kostenkalkulation<\/strong> (alle Kosten m\u00fcssen aufgelistet werden &#8211; inkl. Kosten pro Person und Position sowie die sich daraus ergebende Gesamtsumme) au\u00dferdem alle <strong>Zusch\u00fcsse\/Eigenbeitr\u00e4ge<\/strong>. Es wird erwartet, dass alle Teilnehmer*innen an Reisen in die USA bzw. aus den USA nach Berlin, sich mit einem <strong>angemessenen Eigenbeitrag<\/strong> an der Reise beteiligen. Ebenso beigef\u00fcgt werden muss ein m\u00f6glichst ausgearbeitetes Programm sowie eine <strong>Liste der Teilnehmenden<\/strong>.<\/p>\n<p align=\"justify\"><strong>Wir m\u00f6chten ausdr\u00fccklich darauf hinweisen,<\/strong> dass die Senastverwaltung f\u00fcr Bildung, Jugend und Familie f\u00fcr Reisen von Berliner Schulklassen, die einen ausdr\u00fccklichen Bildungsfokus nachweisen k\u00f6nnen f\u00fcr die teilnehmenden Sch\u00fcler*innen einen Zuschuss gew\u00e4hrt. Die Stiftung erwartet daher, dass die jeweiligen Antragsteller f\u00fcr Sch\u00fclerreisen, diese M\u00f6glichkeit vor der Beantragung von Stiftungsmitteln in Anspruch genommen und Kontakt zur Senatsverwaltung f\u00fcr Bildung, Jugend und Familie, Abteilung Sch\u00fclerbegegnungen aufgenommen haben. Diese m\u00f6gliche Unterst\u00fctzung ist in die Kostenkalkulation bereits (ggf. unter Vorbehalt) mit aufzunehmen.<\/p>\n<p align=\"justify\">Bitte nehmen Sie zur Kenntnis, dass Sie mit der Antragstellung die Datenschutzerkl\u00e4rung der Checkpoint Charlie Stiftung anerkennen. Details dazu finden Sie im Link <a href=\"https:\/\/www.cc-stiftung.de\/wordpress\/wp-content\/uploads\/2020\/01\/Datenschutzerkl\u00e4rung-Website.pdf\">Datenschutzerkl\u00e4rung Website<\/a> und <a href=\"https:\/\/www.cc-stiftung.de\/wordpress\/wp-content\/uploads\/2020\/01\/Informationspflicht-CCS.pdf\">Informationspflicht CCS<\/a><\/p>\n<p><a href=\"https:\/\/www.cc-stiftung.de\/wordpress\/wp-content\/uploads\/2020\/01\/Projektantrag_de.pdf\">Projektantrag als pdf Dokument<\/a><br \/>\n<a href=\"https:\/\/www.cc-stiftung.de\/wordpress\/wp-content\/uploads\/2020\/01\/Projektantrag_de.doc\">Projektantrag als word Dokument<\/a><\/p>\n<p>Bitte senden Sie Ihren ausgef\u00fcllten Projektantrag als <strong>EINE<\/strong> pdf Datei an: <a href=\"&#109;a&#x69;l&#x74;o&#x3a;&#112;&#x72;&#111;&#x6a;&#101;k&#x74;&#64;&#x63;c&#x2d;&#115;&#x74;&#105;&#x66;&#116;&#x75;&#110;g&#x2e;d&#x65;\">&#112;&#x72;o&#x6a;&#x65;&#107;&#x74;&#64;&#x63;&#x63;&#45;&#x73;t&#x69;&#x66;&#116;&#x75;n&#x67;&#x2e;&#100;&#x65;<\/a>.<\/p>\n<p>Dabei sollten die Seiten die nachstehende Reihenfolge haben:<br \/>\n&#8211; Antragsformular<br \/>\n&#8211; Projektbeschreibung<br \/>\n&#8211; Entwurf des Programmablaufes<br \/>\n&#8211; Kalkulation<br \/>\n&#8211; Liste der Teilnehmer*innen<br \/>\nVielen Dank.<\/p>\n<p><strong>Abrechnungsformular zum Herunterladen<\/strong><br \/>\n<a href=\"https:\/\/www.cc-stiftung.de\/wordpress\/wp-content\/uploads\/2019\/07\/Abrechnung-DE.xls\">Abrechnungsformular als Excel Formular &#8211; <\/a>Bitte beachten Sie, dass das Formular aus mehrern Seiten besteht &#8211; siehe Reiter auf dem Formular unten.<br \/>\n<a href=\"https:\/\/www.cc-stiftung.de\/wordpress\/wp-content\/uploads\/2019\/07\/Abrechungshinweise-DE.pdf\">Abrechungshinweise DE<\/a><\/p>\n<\/div>\n","protected":false},"excerpt":{"rendered":"<p>Bilaterale Begegnungs-Projekte zwischen dem Land Berlin und den Vereinigten Staaten von Amerika k\u00f6nnen durch die Checkpoint Charlie Stiftung finanziell, ideell und\/oder logistisch gef\u00f6rdert werden. Die Stiftung nimmt dazu ganzj\u00e4hrig Projekt- <a class=\"more-link\" href=\"https:\/\/www.cc-stiftung.de\/index.php\/projektantrag\/\">Weiterlesen \u2192<\/a><\/p>\n","protected":false},"author":2,"featured_media":0,"parent":0,"menu_order":0,"comment_status":"closed","ping_status":"closed","template":"","meta":{"footnotes":""},"class_list":["post-345","page","type-page","status-publish","hentry"],"_links":{"self":[{"href":"https:\/\/www.cc-stiftung.de\/index.php\/wp-json\/wp\/v2\/pages\/345","targetHints":{"allow":["GET"]}}],"collection":[{"href":"https:\/\/www.cc-stiftung.de\/index.php\/wp-json\/wp\/v2\/pages"}],"about":[{"href":"https:\/\/www.cc-stiftung.de\/index.php\/wp-json\/wp\/v2\/types\/page"}],"author":[{"embeddable":true,"href":"https:\/\/www.cc-stiftung.de\/index.php\/wp-json\/wp\/v2\/users\/2"}],"replies":[{"embeddable":true,"href":"https:\/\/www.cc-stiftung.de\/index.php\/wp-json\/wp\/v2\/comments?post=345"}],"version-history":[{"count":26,"href":"https:\/\/www.cc-stiftung.de\/index.php\/wp-json\/wp\/v2\/pages\/345\/revisions"}],"predecessor-version":[{"id":5655,"href":"https:\/\/www.cc-stiftung.de\/index.php\/wp-json\/wp\/v2\/pages\/345\/revisions\/5655"}],"wp:attachment":[{"href":"https:\/\/www.cc-stiftung.de\/index.php\/wp-json\/wp\/v2\/media?parent=345"}],"curies":[{"name":"wp","href":"https:\/\/api.w.org\/{rel}","templated":true}]}}