{"id":4604,"date":"2021-03-29T14:28:54","date_gmt":"2021-03-29T12:28:54","guid":{"rendered":"http:\/\/www.cc-stiftung.de\/?page_id=4604"},"modified":"2021-12-22T13:21:55","modified_gmt":"2021-12-22T12:21:55","slug":"10-4-30-berlin-voices-on-reunification-and-the-usa-d","status":"publish","type":"page","link":"https:\/\/www.cc-stiftung.de\/index.php\/10-4-30-berlin-voices-on-reunification-and-the-usa-d\/","title":{"rendered":"10-4-30 | Berlin Voices on Reunification and the USA (d)"},"content":{"rendered":"<p>Anl\u00e4sslich des <strong>30. Jahrestages der deutschen Wiedervereinigung<\/strong> pr\u00e4sentiert die Checkpoint Charlie Stiftung eine Interviewreihe f\u00fcr amerikanische Sch\u00fcler*innen. Zeitzeug*innen sprechen \u00fcber ihre unterschiedlichen Erwartungen und Erfahrungen.<br \/>\nIn &#8222;10-4-30&#8220; kommen zehn Berliner Stimmen zu drei\u00dfig Jahren Wiedervereinigung zu Wort, die Zeugnis von der Geschichte ablegen und \u00fcber ihre besonderen Erfahrungen und Erwartungen an die sich ver\u00e4ndernden Berlin-USA Beziehungen sprechen.<\/p>\n[embedyt] https:\/\/www.youtube.com\/embed?listType=playlist&amp;list=PL968ZdQ7Wwvv2Fui01mLn1z5zIvgnMT-7&amp;layout=gallery[\/embedyt]\n","protected":false},"excerpt":{"rendered":"<p>Anl\u00e4sslich des 30. Jahrestages der deutschen Wiedervereinigung pr\u00e4sentiert die Checkpoint Charlie Stiftung eine Interviewreihe f\u00fcr amerikanische Sch\u00fcler*innen. Zeitzeug*innen sprechen \u00fcber ihre unterschiedlichen Erwartungen und Erfahrungen. In &#8222;10-4-30&#8220; kommen zehn Berliner <a class=\"more-link\" href=\"https:\/\/www.cc-stiftung.de\/index.php\/10-4-30-berlin-voices-on-reunification-and-the-usa-d\/\">Weiterlesen \u2192<\/a><\/p>\n","protected":false},"author":1,"featured_media":0,"parent":0,"menu_order":0,"comment_status":"closed","ping_status":"closed","template":"","meta":{"footnotes":""},"class_list":["post-4604","page","type-page","status-publish","hentry"],"_links":{"self":[{"href":"https:\/\/www.cc-stiftung.de\/index.php\/wp-json\/wp\/v2\/pages\/4604","targetHints":{"allow":["GET"]}}],"collection":[{"href":"https:\/\/www.cc-stiftung.de\/index.php\/wp-json\/wp\/v2\/pages"}],"about":[{"href":"https:\/\/www.cc-stiftung.de\/index.php\/wp-json\/wp\/v2\/types\/page"}],"author":[{"embeddable":true,"href":"https:\/\/www.cc-stiftung.de\/index.php\/wp-json\/wp\/v2\/users\/1"}],"replies":[{"embeddable":true,"href":"https:\/\/www.cc-stiftung.de\/index.php\/wp-json\/wp\/v2\/comments?post=4604"}],"version-history":[{"count":3,"href":"https:\/\/www.cc-stiftung.de\/index.php\/wp-json\/wp\/v2\/pages\/4604\/revisions"}],"predecessor-version":[{"id":4821,"href":"https:\/\/www.cc-stiftung.de\/index.php\/wp-json\/wp\/v2\/pages\/4604\/revisions\/4821"}],"wp:attachment":[{"href":"https:\/\/www.cc-stiftung.de\/index.php\/wp-json\/wp\/v2\/media?parent=4604"}],"curies":[{"name":"wp","href":"https:\/\/api.w.org\/{rel}","templated":true}]}}

<p>Anlässlich des <strong>30. Jahrestages der deutschen Wiedervereinigung</strong> präsentiert die Checkpoint Charlie Stiftung eine Interviewreihe für amerikanische Schüler*innen. Zeitzeug*innen sprechen über ihre unterschiedlichen Erwartungen und Erfahrungen.<br />
In &#8222;10-4-30&#8220; kommen zehn Berliner Stimmen zu dreißig Jahren Wiedervereinigung zu Wort, die Zeugnis von der Geschichte ablegen und über ihre besonderen Erfahrungen und Erwartungen an die sich verändernden Berlin-USA Beziehungen sprechen.</p>
[embedyt] https://www.youtube.com/embed?listType=playlist&amp;list=PL968ZdQ7Wwvv2Fui01mLn1z5zIvgnMT-7&amp;layout=gallery[/embedyt]

<p>Anlässlich des 30. Jahrestages der deutschen Wiedervereinigung präsentiert die Checkpoint Charlie Stiftung eine Interviewreihe für amerikanische Schüler*innen. Zeitzeug*innen sprechen über ihre unterschiedlichen Erwartungen und Erfahrungen. In &#8222;10-4-30&#8220; kommen zehn Berliner <a class="more-link" href="https://www.cc-stiftung.de/index.php/10-4-30-berlin-voices-on-reunification-and-the-usa-d/">Weiterlesen →</a></p>
