{"id":64,"date":"2016-04-05T10:58:26","date_gmt":"2016-04-05T08:58:26","guid":{"rendered":"http:\/\/wordpress.cc-stiftung.de.w0144e97.kasserver.com\/?p=64"},"modified":"2019-12-03T14:48:00","modified_gmt":"2019-12-03T13:48:00","slug":"wie-sie-helfen-koennen","status":"publish","type":"page","link":"https:\/\/www.cc-stiftung.de\/index.php\/wie-sie-helfen-koennen\/","title":{"rendered":"Wie Sie helfen k\u00f6nnen"},"content":{"rendered":"<p>Das Land Berlin hat die Stiftung 1994 mit einem Stiftungskapital ausgestattet.<\/p>\n<p>Zur Erf\u00fcllung des Stiftungszwecks d\u00fcrfen nur dessen Ertr\u00e4ge sowie etwaige Zuwendungen herangezogen werden, soweit diese nicht als Zustiftungen zur Erh\u00f6hung des Stiftungskapitals bestimmt sind. Die Stiftung ist daher berechtigt, Spenden entgegenzunehmen und Zuwendungsbescheinigungen auszustellen.<\/p>\n<p>Die Annahme von <a href=\"https:\/\/www.cc-stiftung.de\/index.php\/zustiftungen\/\">Zustiftungen<\/a> Dritter zum Stiftungskapital ist erw\u00fcnscht und\u00a0m\u00f6glich, bedarf jedoch der Zustimmung des Kuratoriums.<\/p>\n<p><a href=\"https:\/\/www.cc-stiftung.de\/index.php\/spenden\/\">Spenden<\/a> k\u00f6nnen jederzeit auf folgendes Konto eingezahlt werden:<\/p>\n<p>Checkpoint Charlie Stiftung<br \/>\nBerliner Volksbank<br \/>\nBLZ 100 900 00<\/p>\n<p>Kontonr. 884 805 1005<\/p>\n<p><b>IBAN-Nummer: DE 90 1009 0000 8848 0510 05<br \/>\n<\/b><b>SWIFT: BEVODEBB<\/b><\/p>\n<p>Eines gilt jedoch generell: Auch der kleinste Beitrag, ob Spende oder Zustiftung, hilft bei unserer Arbeit f\u00fcr die deutsch-amerikanischen Beziehungen der Stadt Berlin. F\u00fcr Fragen und auch bei der Suche nach einem kompetenten Anwalt in Ihrer N\u00e4he stehen wir Ihnen jederzeit zur Verf\u00fcgung.<\/p>\n<p>Die Checkpoint Charlie Stiftung ist wegen der F\u00f6rderung internationaler Gesinnung, der Toleranz auf allen Gebieten der Kultur und des V\u00f6lkerverst\u00e4ndigungsgedankens nach dem letzten der Stiftung zugegangenen Freistellungsbescheid des Finanzamts f\u00fcr K\u00f6rperschaften I, Steuernummer 27\/607\/00795, vom 24. Juli 2014 f\u00fcr die Jahre 2011 &#8211; 2013 nach \u00a7 5 Abs. 1 Nr. 9 des K\u00f6rperschaftssteuergesetzes von der K\u00f6rperschaftssteuer befreit.<\/p>\n<p>Zuwendungen im Sinne des \u00a7 10 b des Einkommensteuergesetzes an eine der in \u00a7 5 Abs. 1 Nr. 9 des K\u00f6rperschaftssteuergesetzes bezeichneten K\u00f6rperschaften, Personenvereinigungen oder Verm\u00f6gensmassen werden nur zur F\u00f6rderung des V\u00f6lkerverst\u00e4ndigungsgedankens im Sinne der Anlage 1 zu \u00a7 48 Abs. 2 der Einkommensteuer-Durchf\u00fchrungsverordnung, Abschnitt A Nr. 10, verwendet.<\/p>\n","protected":false},"excerpt":{"rendered":"<p>Das Land Berlin hat die Stiftung 1994 mit einem Stiftungskapital ausgestattet. Zur Erf\u00fcllung des Stiftungszwecks d\u00fcrfen nur dessen Ertr\u00e4ge sowie etwaige Zuwendungen herangezogen werden, soweit diese nicht als Zustiftungen zur <a class=\"more-link\" href=\"https:\/\/www.cc-stiftung.de\/index.php\/wie-sie-helfen-koennen\/\">Weiterlesen \u2192<\/a><\/p>\n","protected":false},"author":1,"featured_media":0,"parent":0,"menu_order":0,"comment_status":"open","ping_status":"open","template":"","meta":{"footnotes":""},"class_list":["post-64","page","type-page","status-publish","hentry"],"_links":{"self":[{"href":"https:\/\/www.cc-stiftung.de\/index.php\/wp-json\/wp\/v2\/pages\/64","targetHints":{"allow":["GET"]}}],"collection":[{"href":"https:\/\/www.cc-stiftung.de\/index.php\/wp-json\/wp\/v2\/pages"}],"about":[{"href":"https:\/\/www.cc-stiftung.de\/index.php\/wp-json\/wp\/v2\/types\/page"}],"author":[{"embeddable":true,"href":"https:\/\/www.cc-stiftung.de\/index.php\/wp-json\/wp\/v2\/users\/1"}],"replies":[{"embeddable":true,"href":"https:\/\/www.cc-stiftung.de\/index.php\/wp-json\/wp\/v2\/comments?post=64"}],"version-history":[{"count":9,"href":"https:\/\/www.cc-stiftung.de\/index.php\/wp-json\/wp\/v2\/pages\/64\/revisions"}],"predecessor-version":[{"id":4018,"href":"https:\/\/www.cc-stiftung.de\/index.php\/wp-json\/wp\/v2\/pages\/64\/revisions\/4018"}],"wp:attachment":[{"href":"https:\/\/www.cc-stiftung.de\/index.php\/wp-json\/wp\/v2\/media?parent=64"}],"curies":[{"name":"wp","href":"https:\/\/api.w.org\/{rel}","templated":true}]}}