{"id":7,"date":"2016-03-22T15:33:53","date_gmt":"2016-03-22T14:33:53","guid":{"rendered":"http:\/\/wordpress.cc-stiftung.de.w0144e97.kasserver.com\/?p=7"},"modified":"2020-12-02T12:11:55","modified_gmt":"2020-12-02T11:11:55","slug":"wir-ueber-uns","status":"publish","type":"page","link":"https:\/\/www.cc-stiftung.de\/index.php\/wir-ueber-uns\/","title":{"rendered":"Die Checkpoint Charlie Stiftung"},"content":{"rendered":"<div class=\"myCatDescription\">\n<div style=\"width: 210px\" class=\"wp-caption alignleft\"><img loading=\"lazy\" decoding=\"async\" src=\"https:\/\/www.cc-stiftung.de\/wordpress\/wp-content\/uploads\/2016\/10\/tuerschild.gif\" alt=\"Handmade copper plate with the Foundation logo\" width=\"200\" height=\"144\" border=\"0\" \/><p class=\"wp-caption-text\">Der Kupferschmied Eberhard M\u00fcller fertigte f\u00fcr die Stiftung dieses Logo<\/p><\/div>\n<p align=\"justify\">\u00dcber einen Zeitraum von ann\u00e4hernd f\u00fcnf Jahrzehnten fand die deutsch-amerikanische Freundschaft in Berlin ihren st\u00e4rksten Ausdruck.<\/p>\n<p align=\"justify\">Auch nach dem Abzug der amerikanischen Schutzmacht galt die Bestrebung, diese einzigartigen Kontakte zu pflegen und zu intensivieren. In Dankbarkeit gegen\u00fcber den Leistungen, die die Vereinigten Staaten f\u00fcr die Stadt Berlin erbracht haben, entschloss sich das Abgeordnetenhaus des Landes Berlin 1994, die nachhaltige Pflege dieser Beziehungen einer Stiftung anzuvertrauen. Sie erhielt den Namen jenes Grenz\u00fcberganges, der f\u00fcr Berlin w\u00e4hrend des Kalten Krieges zum Inbegriff amerikanischer Pr\u00e4senz w\u00e4hrend des Kalten Krieges wurde &#8211; Checkpoint Charlie Stiftung.<\/p>\n<div id=\"attachment_888\" style=\"width: 464px\" class=\"wp-caption alignright\"><a href=\"http:\/\/wordpress.cc-stiftung.de\/wp-content\/uploads\/2016\/08\/USA-Karte.gif\"><img loading=\"lazy\" decoding=\"async\" aria-describedby=\"caption-attachment-888\" class=\"wp-image-888\" src=\"http:\/\/wordpress.cc-stiftung.de\/wp-content\/uploads\/2016\/08\/USA-Karte-1024x685.gif\" alt=\"USA-Karte\" width=\"454\" height=\"304\" srcset=\"https:\/\/www.cc-stiftung.de\/wordpress\/wp-content\/uploads\/2016\/08\/USA-Karte-1024x685.gif 1024w, https:\/\/www.cc-stiftung.de\/wordpress\/wp-content\/uploads\/2016\/08\/USA-Karte-300x201.gif 300w, https:\/\/www.cc-stiftung.de\/wordpress\/wp-content\/uploads\/2016\/08\/USA-Karte-768x514.gif 768w, https:\/\/www.cc-stiftung.de\/wordpress\/wp-content\/uploads\/2016\/08\/USA-Karte-400x267.gif 400w\" sizes=\"auto, (max-width: 454px) 100vw, 454px\" \/><\/a><p id=\"caption-attachment-888\" class=\"wp-caption-text\">Die Stiftung hat mit Partnern in allen Teilen der USA zusammengearbeitet<\/p><\/div>\n<p>Zweck der Stiftung ist eben diese Pflege der deutsch-amerikanischen Beziehungen unter besonderer Ber\u00fccksichtigung der Rolle der USA in Berlin in den Jahren 1945 bis 1994.<\/p>\n<p>Seit dem Beginn ihrer Arbeit im Sommer 1995 hat die Stiftung 751 deutsch-amerikanische Projekte geplant, organisiert und mit \u00fcber zwei Millionen Euro unterst\u00fctzt.<\/p>\n<p>Dar\u00fcber hinaus koordiniert sie das bundesweit gr\u00f6\u00dfte <a href=\"https:\/\/www.cc-stiftung.de\/index.php\/gtep\/\">Lehrerentsendeprogramm<\/a> zwischen den USA und Deutschland und betreut einen gro\u00dfen Teil aller nicht-staatlichen Programme Berlins mit seiner Partnerstadt Los Angeles.<\/p>\n<p>Die Stiftung ist \u00fcberparteilich, verfolgt ausschlie\u00dflich und unmittelbar gemeinn\u00fctzige Zwecke und ist selbstlos t\u00e4tig.<\/p>\n<div id=\"attachment_3451\" style=\"width: 810px\" class=\"wp-caption alignleft\"><a href=\"https:\/\/www.cc-stiftung.de\/wordpress\/wp-content\/uploads\/2019\/03\/USA-Karte_19-deutsch-e1552485662161.png\"><img loading=\"lazy\" decoding=\"async\" aria-describedby=\"caption-attachment-3451\" class=\"wp-image-3451 size-large\" src=\"https:\/\/www.cc-stiftung.de\/wordpress\/wp-content\/uploads\/2019\/03\/USA-Karte_19-deutsch-e1552485662161-1024x724.png\" alt=\"\" width=\"800\" height=\"566\" srcset=\"https:\/\/www.cc-stiftung.de\/wordpress\/wp-content\/uploads\/2019\/03\/USA-Karte_19-deutsch-e1552485662161-1024x724.png 1024w, https:\/\/www.cc-stiftung.de\/wordpress\/wp-content\/uploads\/2019\/03\/USA-Karte_19-deutsch-e1552485662161-300x212.png 300w, https:\/\/www.cc-stiftung.de\/wordpress\/wp-content\/uploads\/2019\/03\/USA-Karte_19-deutsch-e1552485662161-768x543.png 768w, https:\/\/www.cc-stiftung.de\/wordpress\/wp-content\/uploads\/2019\/03\/USA-Karte_19-deutsch-e1552485662161.png 1754w\" sizes=\"auto, (max-width: 800px) 100vw, 800px\" \/><\/a><p id=\"caption-attachment-3451\" class=\"wp-caption-text\">Zwischen 1994 und 2019 wurden mehr als 96.000 Personen durch Projekte der Stiftung erreicht.<\/p><\/div>\n<p>&nbsp;<\/p>\n<\/div>\n","protected":false},"excerpt":{"rendered":"<p>\u00dcber einen Zeitraum von ann\u00e4hernd f\u00fcnf Jahrzehnten fand die deutsch-amerikanische Freundschaft in Berlin ihren st\u00e4rksten Ausdruck. Auch nach dem Abzug der amerikanischen Schutzmacht galt die Bestrebung, diese einzigartigen Kontakte zu <a class=\"more-link\" href=\"https:\/\/www.cc-stiftung.de\/index.php\/wir-ueber-uns\/\">Weiterlesen \u2192<\/a><\/p>\n","protected":false},"author":1,"featured_media":0,"parent":0,"menu_order":0,"comment_status":"open","ping_status":"open","template":"","meta":{"footnotes":""},"class_list":["post-7","page","type-page","status-publish","hentry"],"_links":{"self":[{"href":"https:\/\/www.cc-stiftung.de\/index.php\/wp-json\/wp\/v2\/pages\/7","targetHints":{"allow":["GET"]}}],"collection":[{"href":"https:\/\/www.cc-stiftung.de\/index.php\/wp-json\/wp\/v2\/pages"}],"about":[{"href":"https:\/\/www.cc-stiftung.de\/index.php\/wp-json\/wp\/v2\/types\/page"}],"author":[{"embeddable":true,"href":"https:\/\/www.cc-stiftung.de\/index.php\/wp-json\/wp\/v2\/users\/1"}],"replies":[{"embeddable":true,"href":"https:\/\/www.cc-stiftung.de\/index.php\/wp-json\/wp\/v2\/comments?post=7"}],"version-history":[{"count":33,"href":"https:\/\/www.cc-stiftung.de\/index.php\/wp-json\/wp\/v2\/pages\/7\/revisions"}],"predecessor-version":[{"id":4477,"href":"https:\/\/www.cc-stiftung.de\/index.php\/wp-json\/wp\/v2\/pages\/7\/revisions\/4477"}],"wp:attachment":[{"href":"https:\/\/www.cc-stiftung.de\/index.php\/wp-json\/wp\/v2\/media?parent=7"}],"curies":[{"name":"wp","href":"https:\/\/api.w.org\/{rel}","templated":true}]}}